l(h). Let y be o(4). What is the highest common factor of 4 and y?
4
Suppose 15*b + 3575 = 40*b. What is the highest common divisor of 11 and b?
11
Let y(h) = 25*h**3 + h**2 - 3*h + 3. Let z be y(1). What is the greatest common divisor of z and 39?
13
Suppose -83*z + 84*z + 305 = 0. Let x = -165 - z. What is the greatest common divisor of x and 20?
20
Let l(s) = -150*s + 66. Let y be l(-19). What is the highest common factor of 12 and y?
12
Let x(f) = -f**2 - 9*f + 86. Let i be x(-14). Calculate the highest common divisor of 2416 and i.
16
Suppose -2*q + 19 - 97 = 0. Let p = -32 - q. Suppose 0*j = j - 63. What is the highest common factor of j and p?
7
Suppose -123*d + 117*d + 1296 = 0. Calculate the greatest common divisor of d and 48.
24
Suppose -y + 3*p = -0*y - 20, -3*y + 35 = -4*p. What is the greatest common divisor of y and 835?
5
Let s = -1 - -3. Let c be (100 + 0)*3/s. Suppose 3*u - c = u. What is the greatest common divisor of u and 30?
15
Let x(t) = 11*t - 72. Let d be x(10). Calculate the greatest common factor of 1026 and d.
38
Suppose 1292 = -34*i + 53*i. Suppose -13 + 115 = m. Calculate the highest common factor of i and m.
34
Suppose 2*h - 4*h = -2*p - 78, 0 = 2*h + p - 63. Suppose -3*m = -m + h. Let v = m - -28. What is the highest common factor of v and 11?
11
Let w(u) = u**3 - 27*u**2 - 26*u - 63. Let z be w(28). Let c be (z/14*(0 + -38))/1. What is the highest common factor of 95 and c?
19
Let p(j) = -j**2 + 13*j - 11. Suppose 6*f - 7*f - 28 = -3*w, -3*w + 3*f + 24 = 0. Let i be p(w). What is the greatest common factor of 38 and i?
19
Suppose 33 = p - n, -p = 5*n - 9*n - 45. Calculate the greatest common factor of p and 319.
29
Suppose 0 = 4*g + g - 2*q - 60, -5*q - 12 = -g. Calculate the greatest common divisor of 18 and g.
6
Let n(q) = 11*q**2 + 3*q + 2. Let k be n(-2). Let p be 56/1*10/k. Calculate the greatest common divisor of p and 49.
7
Let o = -1839 - -1860. What is the greatest common factor of o and 70?
7
Let u be 36/(-84) + 1185/21. Calculate the greatest common divisor of 70 and u.
14
Suppose -3*u = 6, g - 6*g - 69 = -3*u. Let a = g - -25. Calculate the greatest common factor of 30 and a.
10
Suppose 0 = -5*c + 3*c - 30. Suppose 5*t + x - 125 = t, -5*t + 151 = 3*x. Let q = c + t. What is the highest common factor of 136 and q?
17
Let i(z) = z**3 - 4*z**2 + 7*z - 12. Let p be i(3). Suppose p = 9*n - n - 224. What is the highest common factor of 42 and n?
14
Let o be -1*-3*(6 + 0 + -5). Calculate the highest common factor of 15 and o.
3
Suppose 138 = 18*b - 15*b. What is the highest common factor of 230 and b?
46
Let o(i) = -20*i + 2. Let r be o(-4). Let y = r - 58. Calculate the highest common divisor of y and 16.
8
Let a(c) = -c**3 - c**2 - 2*c - 2. Let p be a(-2). Suppose p*l + 669 = 3*l. Let w = -139 - l. Calculate the highest common divisor of w and 12.
12
Let n = 40 + -31. Let g be (61 + 2)*6/n. Calculate the greatest common divisor of g and 105.
21
Suppose 192 = -2*i + 34*i. Calculate the highest common divisor of 3 and i.
3
Let g be ((-3)/(-2))/(3/6). Suppose -17 + 50 = g*k. Suppose -4*n = -5*l + 39, 2*l + 2*l + 3*n - 56 = 0. Calculate the highest common factor of k and l.
11
Let i = -3234 - -3258. Suppose 2*t = u - 130, 0 = -2*u + t + 94 + 151. What is the highest common factor of u and i?
24
Suppose 0 = 3*r - 5*s - 46, r - 2*s = -53 + 70. Suppose -3*d = -d - 2*w - 40, 2*d - 4*w - 38 = 0. What is the highest common factor of d and r?
7
Let d = -201 - -237. Calculate the greatest common divisor of d and 192.
12
Suppose -2*b - 270 = -5*f + 8, -4*b + 228 = 4*f. Calculate the greatest common factor of f and 448.
56
Suppose g - n - 13 = 0, 0*n - 3*n = 6. Let d be 128 + -4 - (-8 - -11). What is the greatest common divisor of d and g?
11
Let q(j) = 36*j + 725. Let k be q(-7). Let w = -68 - -111. Calculate the highest common divisor of w and k.
43
Let v be (-2444)/(-247) - 2/(-19). Calculate the greatest common factor of v and 55.
5
Suppose -4*m + 1236 = 2*b, 33*m - 28*m - 1542 = -b. What is the greatest common factor of 220 and m?
44
Suppose -347 = -10*x + 63. Suppose -3*i - x = -56. What is the highest common factor of 65 and i?
5
Suppose 546 = 3*v + 2*l, 0 = -4*v - 11*l + 6*l + 735. Calculate the greatest common factor of 828 and v.
36
Suppose 20*l - 96 + 16 = 0. Calculate the highest common factor of l and 164.
4
Let d(l) be the second derivative of 1/6*l**3 + 0 - 6*l + 20*l**2. Let z be d(0). Calculate the highest common factor of z and 10.
10
Suppose -3*a + 5*w - 4*w = -41, 4*w + 29 = 3*a. Calculate the highest common factor of a and 375.
15
Suppose -b + 4*h - 12 = b, -3*b - 4*h = -12. Suppose 0 = -b*z + 3*z - 6. What is the highest common divisor of 6 and z?
2
Let y(s) = 26*s**2 + s + 1. Suppose 5*r = -2*f + 8 - 25, r + 7 = -4*f. Let i be y(f). Suppose -5*a = -a - 416. What is the greatest common factor of a and i?
26
Let o be (-416)/(-65)*5/2. Suppose 2*s = 3*h - 132, -5*s + 3*h = -h + 344. Let c be 9/s - (-1058)/o. What is the greatest common factor of 22 and c?
22
Suppose -5*j = 15, 2*u - 2*j = -4*j + 2. Calculate the highest common divisor of 256 and u.
4
Let r be (4/8 + 0)*-1354. Let t be r/(-3) + (24/18)/(-2). Calculate the greatest common divisor of t and 25.
25
Let o(g) = 16*g + 4. Let q be o(0). What is the greatest common divisor of 68 and q?
4
Suppose 0*w = w - 18. Let h = -9 + w. Calculate the greatest common factor of 99 and h.
9
Let l = 46 + -40. Suppose -l*u + 2 + 1078 = 0. What is the highest common factor of 20 and u?
20
Suppose -1754 - 1291 = -7*s. Calculate the highest common factor of s and 15.
15
Let b(g) = 2*g**2 + 3*g + 1. Let f be b(-1). Let v(m) = m**3 + 2*m**2 + 2*m + 40. Let a be v(f). What is the greatest common divisor of 100 and a?
20
Let w = -621 + 792. Let j be -38*(-1)/2*1. Calculate the highest common factor of j and w.
19
Suppose 604 = 9*o - 17. What is the highest common factor of 3 and o?
3
Suppose 399*k - 247 = 386*k. What is the highest common divisor of 19 and k?
19
Let u(g) = -g - 5. Let b be u(-6). Let i(t) = t**2 - 11*t - 471. Let o be i(-17). What is the greatest common divisor of o and b?
1
Suppose 6*f - 2*h = f + 62, -h + 23 = 2*f. Let d = 391 - 307. What is the greatest common factor of f and d?
12
Let z(o) be the second derivative of o**4/4 - 2*o**3 - o**2 + 5*o. Let w be z(9). Suppose -j - w = -8*j. Calculate the greatest common divisor of j and 171.
19
Let y(s) = 16*s. Let n be y(5). Suppose 0*z - n = -z. Suppose 3*l + 11 - 71 = 0. Calculate the greatest common factor of z and l.
20
Let y(n) = n**2 - 15*n - 32. Let l be y(13). Let x = -48 - l. Calculate the highest common divisor of x and 2.
2
Let t be -178*(-9)/12 - 24/(-16). What is the greatest common factor of t and 3?
3
Let m = 273 + -87. Let i be (272 - (-4)/(-2)) + -3. Let t = i - m. Calculate the greatest common factor of t and 9.
9
Suppose 4*s + 2*u + 545 = 2181, 5*s - 2047 = -3*u. What is the greatest common factor of 11 and s?
11
Let n(o) = o**2 - 4*o - 7. Let z be n(6). Let i be (z + -11)*(-2)/6. Suppose 5*g - i*d = 177, 0 = -5*d + 2 - 7. Calculate the highest common divisor of g and 5.
5
Suppose -811 + 163 = 4*a. Let g = 83 - a. Let t = g + -80. Calculate the highest common factor of t and 15.
15
Let i(c) = 5*c**2. Let n be i(2). Let l = -1013 - -1063. What is the highest common divisor of l and n?
10
Let o = 446 + -432. What is the highest common divisor of 378 and o?
14
Suppose 91 - 31 = -3*m. Let g = -19 - m. Let b = 13 - g. Calculate the highest common divisor of 6 and b.
6
Let b(s) = -s**2 - 21*s - 9. Let w be b(-8). Calculate the highest common factor of w and 171.
19
Suppose 2*w - 4*a + 24 = -6*a, -4*w - 2*a - 44 = 0. Let m be 3 + (-10 - 1) + -3. Let p = w - m. Calculate the greatest common divisor of 1 and p.
1
Let x(g) = 2*g**2 + 3*g + 6. Suppose 3*y - 2*y = m + 3, -m - y = 7. Let b = 1 + m. Let p be x(b). Calculate the greatest common divisor of p and 182.
26
Let b be (-29)/((-261)/54) + -2. What is the greatest common factor of b and 52?
4
Suppose -11*s = -8*s. Suppose 8 = 4*v - s. Let q be 4/(-6) - 16/(-6). What is the highest common factor of v and q?
2
Let h be 1 - 0 - (-6 - (-5 + -4)). Let o = h - -15. Calculate the highest common divisor of 91 and o.
13
Let q be (3 - 2)/((-3